{"version":"1.0","provider_name":"Fokus Nordic -tilat","provider_url":"https:\/\/fokusnordictilat.fi\/en\/","author_name":"maria.mettovaara","author_url":"https:\/\/fokusnordictilat.fi\/en\/author\/maria-mettovaara\/","title":"Nuutisarankatu 35, Toimisto 835 m2 - Fokus Nordic -tilat","type":"rich","width":600,"height":338,"html":"<blockquote class=\"wp-embedded-content\" data-secret=\"zpwDk27IpR\"><a href=\"https:\/\/fokusnordictilat.fi\/en\/vapaat-toimitilat\/nuutisarankatu-35-toimisto-835-m2\/\">Nuutisarankatu 35, Toimisto 835 m2<\/a><\/blockquote><iframe sandbox=\"allow-scripts\" security=\"restricted\" src=\"https:\/\/fokusnordictilat.fi\/en\/vapaat-toimitilat\/nuutisarankatu-35-toimisto-835-m2\/embed\/#?secret=zpwDk27IpR\" width=\"600\" height=\"338\" title=\"&#8220;Nuutisarankatu 35, Toimisto 835 m2&#8221; &#8212; Fokus Nordic -tilat\" data-secret=\"zpwDk27IpR\" frameborder=\"0\" marginwidth=\"0\" marginheight=\"0\" scrolling=\"no\" class=\"wp-embedded-content\"><\/iframe><script type=\"text\/javascript\">\n\/* <![CDATA[ *\/\n\/*! This file is auto-generated *\/\n!function(d,l){\"use strict\";l.querySelector&&d.addEventListener&&\"undefined\"!=typeof URL&&(d.wp=d.wp||{},d.wp.receiveEmbedMessage||(d.wp.receiveEmbedMessage=function(e){var t=e.data;if((t||t.secret||t.message||t.value)&&!\/[^a-zA-Z0-9]\/.test(t.secret)){for(var s,r,n,a=l.querySelectorAll('iframe[data-secret=\"'+t.secret+'\"]'),o=l.querySelectorAll('blockquote[data-secret=\"'+t.secret+'\"]'),c=new RegExp(\"^https?:$\",\"i\"),i=0;i<o.length;i++)o[i].style.display=\"none\";for(i=0;i<a.length;i++)s=a[i],e.source===s.contentWindow&&(s.removeAttribute(\"style\"),\"height\"===t.message?(1e3<(r=parseInt(t.value,10))?r=1e3:~~r<200&&(r=200),s.height=r):\"link\"===t.message&&(r=new URL(s.getAttribute(\"src\")),n=new URL(t.value),c.test(n.protocol))&&n.host===r.host&&l.activeElement===s&&(d.top.location.href=t.value))}},d.addEventListener(\"message\",d.wp.receiveEmbedMessage,!1),l.addEventListener(\"DOMContentLoaded\",function(){for(var e,t,s=l.querySelectorAll(\"iframe.wp-embedded-content\"),r=0;r<s.length;r++)(t=(e=s[r]).getAttribute(\"data-secret\"))||(t=Math.random().toString(36).substring(2,12),e.src+=\"#?secret=\"+t,e.setAttribute(\"data-secret\",t)),e.contentWindow.postMessage({message:\"ready\",secret:t},\"*\")},!1)))}(window,document);\n\/\/# sourceURL=https:\/\/fokusnordictilat.fi\/wp-includes\/js\/wp-embed.min.js\n\/* ]]> *\/\n<\/script>\n","thumbnail_url":"https:\/\/fokusnordictilat.fi\/wp-content\/uploads\/2026\/04\/fokusnordic-toimisto-kuvatulossa-1.png","thumbnail_width":1920,"thumbnail_height":920,"description":"Vuokrattavana toimistotila 835 m\u00b2 erinomaisella sijainnilla Tampereen Sarankulmassa, L\u00e4ntisen keh\u00e4tien varrella. Tilakokonaisuus koostuu kahdesta toimistotilasta joista toinen on kooltaan 747 m\u00b2 ja toinen 88 m\u00b2 sek\u00e4 yhdest\u00e4 varastotilasta 34,5 m\u00b2. Vapautuu 1.10.2026 joten tilan k\u00e4ytt\u00f6\u00f6notto onnistuu joustavasti! Toimistotila sijaitsee 2. kerroksessa ja on joustavasti muokattavissa eri tarpeisiin. Kiinteist\u00f6n laajat piha-alueet&hellip;"}

Vuokrattavana toimistotila 835 m² erinomaisella sijainnilla Tampereen Sarankulmassa, Läntisen kehätien varrella. Tilakokonaisuus koostuu kahdesta toimistotilasta joista toinen on kooltaan 747 m² ja toinen 88 m² sekä yhdestä varastotilasta 34,5 m². Vapautuu 1.10.2026 joten tilan käyttöönotto onnistuu joustavasti! Toimistotila sijaitsee 2. kerroksessa ja on joustavasti muokattavissa eri tarpeisiin. Kiinteistön laajat piha-alueet&hellip;
