{"version":"1.0","provider_name":"Fokus Nordic -tilat","provider_url":"https:\/\/fokusnordictilat.fi\/en\/","author_name":"fokus_admin","author_url":"https:\/\/fokusnordictilat.fi\/en\/author\/fokus_admin\/","title":"Teollisuustie 15, Liiketila 447 m2 - Fokus Nordic -tilat","type":"rich","width":600,"height":338,"html":"<blockquote class=\"wp-embedded-content\" data-secret=\"1pbpPOM703\"><a href=\"https:\/\/fokusnordictilat.fi\/en\/vapaat-toimitilat\/teollisuustie-15-liiketila-447-m2\/\">Teollisuustie 15, Liiketila 447 m2<\/a><\/blockquote><iframe sandbox=\"allow-scripts\" security=\"restricted\" src=\"https:\/\/fokusnordictilat.fi\/en\/vapaat-toimitilat\/teollisuustie-15-liiketila-447-m2\/embed\/#?secret=1pbpPOM703\" width=\"600\" height=\"338\" title=\"&#8220;Teollisuustie 15, Liiketila 447 m2&#8221; &#8212; Fokus Nordic -tilat\" data-secret=\"1pbpPOM703\" frameborder=\"0\" marginwidth=\"0\" marginheight=\"0\" scrolling=\"no\" class=\"wp-embedded-content\"><\/iframe><script type=\"text\/javascript\">\n\/* <![CDATA[ *\/\n\/*! This file is auto-generated *\/\n!function(d,l){\"use strict\";l.querySelector&&d.addEventListener&&\"undefined\"!=typeof URL&&(d.wp=d.wp||{},d.wp.receiveEmbedMessage||(d.wp.receiveEmbedMessage=function(e){var t=e.data;if((t||t.secret||t.message||t.value)&&!\/[^a-zA-Z0-9]\/.test(t.secret)){for(var s,r,n,a=l.querySelectorAll('iframe[data-secret=\"'+t.secret+'\"]'),o=l.querySelectorAll('blockquote[data-secret=\"'+t.secret+'\"]'),c=new RegExp(\"^https?:$\",\"i\"),i=0;i<o.length;i++)o[i].style.display=\"none\";for(i=0;i<a.length;i++)s=a[i],e.source===s.contentWindow&&(s.removeAttribute(\"style\"),\"height\"===t.message?(1e3<(r=parseInt(t.value,10))?r=1e3:~~r<200&&(r=200),s.height=r):\"link\"===t.message&&(r=new URL(s.getAttribute(\"src\")),n=new URL(t.value),c.test(n.protocol))&&n.host===r.host&&l.activeElement===s&&(d.top.location.href=t.value))}},d.addEventListener(\"message\",d.wp.receiveEmbedMessage,!1),l.addEventListener(\"DOMContentLoaded\",function(){for(var e,t,s=l.querySelectorAll(\"iframe.wp-embedded-content\"),r=0;r<s.length;r++)(t=(e=s[r]).getAttribute(\"data-secret\"))||(t=Math.random().toString(36).substring(2,12),e.src+=\"#?secret=\"+t,e.setAttribute(\"data-secret\",t)),e.contentWindow.postMessage({message:\"ready\",secret:t},\"*\")},!1)))}(window,document);\n\/\/# sourceURL=https:\/\/fokusnordictilat.fi\/wp-includes\/js\/wp-embed.min.js\n\/* ]]> *\/\n<\/script>\n","thumbnail_url":"https:\/\/fokusnordictilat.fi\/wp-content\/uploads\/2025\/11\/Liiketila-447-m2-liiketila_2_ilmakuva-lahelta_liiketila-merkkityna.jpg","thumbnail_width":2048,"thumbnail_height":1467,"description":"Vuokrattavana liiketila 447 m\u00b2 \u2013 Rovaniemen Teollisuuskyl\u00e4 Rovaniemen Teollisuuskyl\u00e4ss\u00e4 sijaitseva 447 m\u00b2 liiketila tarjoaa toimivan ja monipuolisen ratkaisun erityisesti myym\u00e4l\u00e4k\u00e4ytt\u00f6\u00f6n. Tila koostuu keitti\u00f6st\u00e4, sosiaalitiloista sek\u00e4 k\u00e4yt\u00e4nn\u00f6llisest\u00e4 parvitilasta. Noin 4,5 metrin kokonaiskorkeus mahdollistaa tehokkaan tilank\u00e4yt\u00f6n, ja nosto-ovi (n. 2,5 m x 3 m) helpottaa tavaraliikennett\u00e4 ja logistiikkaa. Kiinteist\u00f6 sijaitsee vilkkaalla yritysalueella,&hellip;"}

Vuokrattavana liiketila 447 m² – Rovaniemen Teollisuuskylä Rovaniemen Teollisuuskylässä sijaitseva 447 m² liiketila tarjoaa toimivan ja monipuolisen ratkaisun erityisesti myymäläkäyttöön. Tila koostuu keittiöstä, sosiaalitiloista sekä käytännöllisestä parvitilasta. Noin 4,5 metrin kokonaiskorkeus mahdollistaa tehokkaan tilankäytön, ja nosto-ovi (n. 2,5 m x 3 m) helpottaa tavaraliikennettä ja logistiikkaa. Kiinteistö sijaitsee vilkkaalla yritysalueella,&hellip;
